41)?
14
Let p(y) = -y**2 + 13260*y + 2092897. Determine p(-156).
1
Let q(y) = 101*y - 24591. Determine q(209).
-3482
Let z(n) = -2296*n - 149236. What is z(-65)?
4
Let i(o) = -o**2 + 152*o + 16566. Calculate i(-74).
-158
Let z(t) = t**3 + 11*t**2 - 959*t - 125. Calculate z(-39).
-5312
Let t(n) = 18*n**3 - 3*n**2 - 630*n + 628. Calculate t(1).
13
Let t(o) = 13*o**3 - 15*o**2 + 273*o - 1063. Calculate t(4).
621
Let d(j) = 1151*j**2 + 9216*j - 37. Determine d(-8).
-101
Let w(d) = 2279*d - 508273. What is w(223)?
-56
Let u(i) = i**3 - 640*i**2 - 17344*i - 726. Give u(-26).
2
Let i(v) = -3039*v + 193425. What is i(64)?
-1071
Let k(o) = -3*o**3 + 155*o**2 + 74*o + 534. Give k(52).
1678
Let h(d) = 1808*d - 1104675. What is h(611)?
13
Let v(w) = -3*w**2 + 427*w - 14944. What is v(62)?
-2
Let b(v) = v**2 - 79741*v + 797290. What is b(10)?
-20
Let w(s) = -s**3 + 15*s**2 + 34*s - 197. Give w(15).
313
Let t(s) = 87*s**2 + 588*s + 255. What is t(-9)?
2010
Let p(x) = -3*x**2 + 234*x - 4486. Give p(39).
77
Let v(k) = 109*k**2 - 2301*k - 54. Calculate v(21).
-306
Let n(p) = -57*p + 1202. Calculate n(42).
-1192
Let x(d) = 1363*d - 2504. Determine x(2).
222
Let w(f) = 36*f**2 - 53*f - 72. Calculate w(-2).
178
Let b(f) = -f**3 + 94*f**2 + 1156*f + 94. Give b(-11).
83
Let m(a) = a**2 - 1650*a + 9876. Determine m(6).
12
Let a(z) = 1346*z**2 + 498*z - 859. Calculate a(-1).
-11
Let h(z) = z**3 + 89*z**2 + 2453*z + 198278. Calculate h(-87).
5
Let f(a) = 151*a**2 - 595*a - 65819. Give f(-19).
-3
Let t(i) = -3*i**2 - 1001*i - 14575. Give t(-15).
-235
Let p(m) = 32817*m - 229709. Determine p(7).
10
Let y(a) = 5*a**2 - 88*a - 596. Calculate y(-6).
112
Let x(i) = 12*i**2 - 26*i - 279. Determine x(-9).
927
Let l(b) = -5897*b + 82202. Calculate l(14).
-356
Let a(s) = 7986*s + 111657. Calculate a(-14).
-147
Let q(z) = -130*z + 26877. Determine q(213).
-813
Let d(t) = -96*t - 19358. What is d(-201)?
-62
Let z(g) = 11583*g + 23199. Give z(-2).
33
Let m(k) = -1426*k + 11678. What is m(7)?
1696
Let h(q) = 3780*q - 64481. Give h(17).
-221
Let f(i) = -27981*i - 139373. What is f(-5)?
532
Let j(y) = y**2 - 501*y - 3363. Calculate j(-7).
193
Let c(g) = -2*g**2 - 62*g - 465. Calculate c(-17).
11
Let z(g) = -5*g**3 + 28*g**2 - 39*g + 699. Calculate z(7).
83
Let l(b) = 114*b**2 + 12*b - 58. What is l(4)?
1814
Let d(v) = -v**2 + 1393*v + 11236. Calculate d(-8).
28
Let z(t) = 21256*t + 3634788. What is z(-171)?
12
Let y(t) = -39*t**3 + 289*t**2 - 17*t - 11. Calculate y(8).
-1619
Let x(h) = h**3 - 638*h**2 + 9323*h + 331. What is x(15)?
1
Let m(t) = -5034*t + 397051. What is m(79)?
-635
Let k(i) = -i**3 - 78*i**2 + 491*i - 1121. Calculate k(-84).
-29
Let i(l) = l**3 + 135*l**2 + 395*l + 210. Give i(-132).
342
Let k(t) = -16*t**2 + 961*t - 12838. Determine k(40).
2
Let i(r) = -r**3 + 20*r**2 - 89*r - 37. Determine i(4).
-137
Let n(m) = -16*m**3 + 11112*m**2 - 5562*m + 6937. Give n(694).
-3
Let x(s) = -10*s**3 - 1155*s**2 - 17156*s - 591. What is x(-98)?
-3
Let s(u) = 304*u + 350. Give s(-2).
-258
Let r(o) = -o**3 - 77*o**2 - 2527*o + 29694. Calculate r(9).
-15
Let o(w) = 6*w**3 - 218*w**2 + 132*w - 2157. Determine o(36).
3
Let z(c) = 1538*c + 35193. Determine z(-23).
-181
Let f(p) = -3891*p - 10287. What is f(-3)?
1386
Let i(y) = -y**3 - 107*y**2 - 1665*y + 441. Give i(-88).
-175
Let t(q) = -572*q + 11454. Calculate t(18).
1158
Let v(j) = -9365*j - 552523. What is v(-59)?
12
Let u(i) = -751*i + 23401. Calculate u(31).
120
Let j(q) = -18*q**2 - 2753*q - 44. What is j(-152)?
2540
Let g(a) = 193*a - 24326. Determine g(163).
7133
Let s(l) = 1081*l + 41023. Give s(-38).
-55
Let v(n) = -215*n**2 + 4764*n - 218. What is v(22)?
530
Let v(y) = -6181*y + 37093. Give v(6).
7
Let o(x) = -x**2 + 818*x + 8288. Give o(-10).
8
Let i(g) = 3375*g - 607494. Determine i(180).
6
Let c(t) = -502*t + 6441. Calculate c(17).
-2093
Let z(p) = -77034*p - 770467. Calculate z(-10).
-127
Let t(j) = -2091*j - 6337. Determine t(-3).
-64
Let w(k) = 7232*k - 43410. Determine w(6).
-18
Let p(c) = -4480*c + 89604. Determine p(20).
4
Let k(g) = -g**2 + 12822*g + 1110064. Give k(-86).
-24
Let p(z) = 5*z**2 + 140*z - 393. What is p(3)?
72
Let u(g) = 22578*g + 248493. Calculate u(-11).
135
Let z(c) = c**3 + 122*c**2 + 3502*c + 276. What is z(-46)?
0
Let r(u) = 89233*u - 981542. Give r(11).
21
Let q(a) = -314*a**2 - 3409*a + 500. What is q(-11)?
5
Let y(h) = 10*h**3 + 560*h**2 - 4*h - 224. Determine y(-56).
0
Let d(g) = -g**3 + 154*g**2 + 159*g + 23819. Calculate d(156).
-49
Let s(t) = -9*t**2 - 121*t - 329. What is s(-5)?
51
Let b(l) = l**3 + 115*l**2 - 597*l + 357. Calculate b(-120).
-3
Let t(n) = 6*n**2 + 2857*n + 36601. What is t(-463)?
24
Let p(i) = i**3 + 128*i**2 + 2120*i - 9018. Determine p(-24).
6
Let p(t) = t**2 - 145*t - 8595. Calculate p(-45).
-45
Let r(h) = 4*h**2 - 1365*h + 34800. Determine r(28).
-284
Let k(u) = u**3 - 274*u**2 + 6219*u. Determine k(25).
-150
Let r(u) = -2*u**2 - 5819*u + 2841850. What is r(426)?
4
Let m(f) = -f**3 + 40*f**2 + 390*f + 2425. Give m(49).
-74
Let q(d) = 147*d**2 + 1072*d - 10917. Determine q(-13).
-10
Let a(s) = 46935*s - 422420. Give a(9).
-5
Let v(c) = -12890*c + 38690. Give v(3).
20
Let h(f) = -12*f**3 + 8654*f**2 - 1447*f + 3552. Calculate h(721).
-53
Let b(f) = f**3 + 106*f**2 + 250*f + 4605. Give b(-104).
237
Let m(o) = 1594*o + 562675. What is m(-353)?
-7
Let b(z) = 1849*z - 38772. Calculate b(21).
57
Let s(l) = -6*l**2 + 33*l + 375. Give s(11).
12
Let r(m) = -3*m**3 - 43*m**2 + 91*m + 2071. Give r(-12).
-29
Let o(a) = -11*a**3 - 188*a**2 - 475*a - 164. Give o(-14).
-178
Let y(d) = 8*d**3 - 167*d + 343. Determine y(2).
73
Let h(v) = -1294*v - 138432. Determine h(-107).
26
Let c(k) = 218*k + 12636. What is c(-55)?
646
Let h(c) = 7*c**3 + 6*c**2 - 140*c + 110. Calculate h(5).
435
Let f(g) = 2*g**2 - 1763*g - 28714. Determine f(-16).
6
Let h(i) = i**2 + 269790*i - 1888578. What is h(7)?
1
Let s(c) = c**3 - 366*c**2 + 442*c - 28105. Calculate s(365).
0
Let l(a) = -77*a**2 - 159*a - 3. What is l(0)?
-3
Let x(o) = 45*o**2 + 475*o + 590. Calculate x(-7).
-530
Let m(u) = u**2 - 213*u - 35322. Calculate m(-110).
208
Let c(w) = w**2 + 140*w + 4421. What is c(-48)?
5
Let m(t) = 2*t**3 + 52*t**2 + 122*t + 16. What is m(-2)?
-36
Let o(v) = -v**3 + 5*v**2 - 19*v + 24. Give o(-12).
2700
Let i(w) = w**3 + 32*w**2 - 168*w - 3924. Determine i(-33).
531
Let a(m) = -7*m**2 + 14439*m - 28870. Give a(2).
-20
Let i(k) = -k**2 + 40*k - 723. Give i(11).
-404
Let i(c) = c**3 - 502*c**2 - 8327*c + 20192. Determine i(518).
-10
Let j(v) = -996*v**2 - 39829*v + 445. Give j(-40).
5
Let k(g) = 41*g - 1727. Calculate k(47).
200
Let x(t) = 7*t**2 + 93161*t + 465629. What is x(-5)?
-1
Let t(x) = 55*x - 8765. What is t(161)?
90
Let o(x) = -x**3 - 56*x**2 + 55*x - 351. Give o(-57).
-237
Let n(f) = 9476*f - 473771. Give n(50).
29
Let h(j) = j**3 - 1264*j**2 - 6343*j - 41. Give h(-5).
-51
Let l(c) = 2*c**3 - 617*c**2 - 2525*c + 301664. Give l(311).
-6
Let p(v) = 27*v**3 - 38*v**2 + 268*v + 16. Determine p(6).
6088
Let l(u) = 7390*u + 66542. Give l(-9).
32
Let a(i) = 2546*i - 170594. Determine a(67).
-12
Let l(d) = -2188*d - 12586. Determine l(-5).
-1646
Let z(r) = -r**2 + 65589*r - 852626. Calculate z(13).
-138
Let l(b) = 2*b**2 - 12*b - 2041. Determine l(-34).
679
Let c(t) = 11*t**2 + 2385*t - 9556. Calculate c(4).
160
Let i(b) = 2*b**3 - 501*b**2 + 27549*b - 612. Give i(169).
-274
Let s(b) = 137*b**2 + 1037*b - 40. Determine s(-7).
-586
Let p(t) = 83*t**2 + 544*t - 289. What is p(-6)?
-565
Let w(s) = -9*s**2 - 3322*s + 16774. Calculate w(5).
-61
Let s(b) = -100*b**2 - 305*b - 11. Calculate s(-3).
4
Let g(f) = -130992*f - 2095905. Calculate g(-16).
-33
Let m(a) = a**3 - 147*a**2 + 307*a - 2098. Give m(145).
367
Let r(b) = 5*b**2 - 336*b + 3000. Calculate r(12).
-312
Let i(b) = -260*b + 1846. What is i(7)?
26
Let b(o) = 2*o**3 + 6108*o**2 + 24426*o + 110. Calculate b(-4).
6
Let y(t) = -10668*t + 21438. Calculate y(2).
102
Let k(d) = 2*d**2 + 63*d + 472. Calculate k(-24).
112
Let u(k) = -2*k**3 - 377*k**2 + 7421*k + 37. Give u(18).
-197
Let g(i) = 2259*i - 251253. Calculate g(111).
-504
Let k(i) = 2*i**2 + 462*i - 12202. What is k(24)?
38
Let h(z) = -z**3 - 18*z**2 + 10*z + 649. Calculate h(-16).
-23
Let c(k) = 